{"id":9,"date":"2026-01-28T18:51:44","date_gmt":"2026-01-28T17:51:44","guid":{"rendered":"https:\/\/majaskowronek.pl\/?page_id=9"},"modified":"2026-01-28T22:41:15","modified_gmt":"2026-01-28T21:41:15","slug":"elementor-9","status":"publish","type":"page","link":"https:\/\/majaskowronek.pl\/","title":{"rendered":"Elementor #9"},"content":{"rendered":"\t\t<div data-elementor-type=\"wp-page\" data-elementor-id=\"9\" class=\"elementor elementor-9\">\n\t\t\t\t<div class=\"elementor-element elementor-element-9d93f48 e-flex e-con-boxed e-con e-parent\" data-id=\"9d93f48\" data-element_type=\"container\">\n\t\t\t\t\t<div class=\"e-con-inner\">\n\t\t<div class=\"elementor-element elementor-element-bdbc4b1 e-con-full e-flex e-con e-child\" data-id=\"bdbc4b1\" data-element_type=\"container\">\n\t\t\t\t<div class=\"elementor-element elementor-element-0ba401f elementor-widget elementor-widget-heading\" data-id=\"0ba401f\" data-element_type=\"widget\" data-widget_type=\"heading.default\">\n\t\t\t\t\t<h2 class=\"elementor-heading-title elementor-size-default\">Maja Skowronek<\/h2>\t\t\t\t<\/div>\n\t\t\t\t<div class=\"elementor-element elementor-element-560db01 elementor-widget elementor-widget-text-editor\" data-id=\"560db01\" data-element_type=\"widget\" data-widget_type=\"text-editor.default\">\n\t\t\t\t\t\t\t\t\t<p>Fotograf zwierz\u0105t<\/p>\t\t\t\t\t\t\t\t<\/div>\n\t\t\t\t<\/div>\n\t\t\t\t\t<\/div>\n\t\t\t\t<\/div>\n\t\t<div class=\"elementor-element elementor-element-79c9ca6 e-flex e-con-boxed e-con e-parent\" data-id=\"79c9ca6\" data-element_type=\"container\" data-settings=\"{&quot;background_background&quot;:&quot;classic&quot;}\">\n\t\t\t\t\t<div class=\"e-con-inner\">\n\t\t\t\t<div class=\"elementor-element elementor-element-71e392f elementor-widget elementor-widget-heading\" data-id=\"71e392f\" data-element_type=\"widget\" data-widget_type=\"heading.default\">\n\t\t\t\t\t<h3 class=\"elementor-heading-title elementor-size-default\">Portfolio<\/h3>\t\t\t\t<\/div>\n\t\t\t\t<div class=\"elementor-element elementor-element-85a212b gallery-spacing-custom elementor-widget elementor-widget-image-gallery\" data-id=\"85a212b\" data-element_type=\"widget\" data-widget_type=\"image-gallery.default\">\n\t\t\t\t\t\t\t<div class=\"elementor-image-gallery\">\n\t\t\t<div id='gallery-1' class='gallery galleryid-9 gallery-columns-3 gallery-size-medium_large'><figure class='gallery-item'>\n\t\t\t<div class='gallery-icon landscape'>\n\t\t\t\t<a data-elementor-open-lightbox=\"yes\" data-elementor-lightbox-slideshow=\"85a212b\" data-elementor-lightbox-title=\"_DSC6426-2\" data-e-action-hash=\"#elementor-action%3Aaction%3Dlightbox%26settings%3DeyJpZCI6MTE3LCJ1cmwiOiJodHRwczpcL1wvbWFqYXNrb3dyb25lay5wbFwvd3AtY29udGVudFwvdXBsb2Fkc1wvMjAyNlwvMDFcL0RTQzY0MjYtMi1zY2FsZWQuanBnIiwic2xpZGVzaG93IjoiODVhMjEyYiJ9\" href='https:\/\/majaskowronek.pl\/wp-content\/uploads\/2026\/01\/DSC6426-2-scaled.jpg'><img fetchpriority=\"high\" decoding=\"async\" width=\"768\" height=\"512\" src=\"https:\/\/majaskowronek.pl\/wp-content\/uploads\/2026\/01\/DSC6426-2-768x512.jpg\" class=\"attachment-medium_large size-medium_large\" alt=\"\" srcset=\"https:\/\/majaskowronek.pl\/wp-content\/uploads\/2026\/01\/DSC6426-2-768x512.jpg 768w, https:\/\/majaskowronek.pl\/wp-content\/uploads\/2026\/01\/DSC6426-2-300x200.jpg 300w, https:\/\/majaskowronek.pl\/wp-content\/uploads\/2026\/01\/DSC6426-2-1024x683.jpg 1024w, https:\/\/majaskowronek.pl\/wp-content\/uploads\/2026\/01\/DSC6426-2-1536x1024.jpg 1536w, https:\/\/majaskowronek.pl\/wp-content\/uploads\/2026\/01\/DSC6426-2-2048x1365.jpg 2048w\" sizes=\"(max-width: 768px) 100vw, 768px\" \/><\/a>\n\t\t\t<\/div><\/figure><figure class='gallery-item'>\n\t\t\t<div class='gallery-icon landscape'>\n\t\t\t\t<a data-elementor-open-lightbox=\"yes\" data-elementor-lightbox-slideshow=\"85a212b\" data-elementor-lightbox-title=\"_DSC6400-2\" data-e-action-hash=\"#elementor-action%3Aaction%3Dlightbox%26settings%3DeyJpZCI6MTE2LCJ1cmwiOiJodHRwczpcL1wvbWFqYXNrb3dyb25lay5wbFwvd3AtY29udGVudFwvdXBsb2Fkc1wvMjAyNlwvMDFcL0RTQzY0MDAtMi1zY2FsZWQuanBnIiwic2xpZGVzaG93IjoiODVhMjEyYiJ9\" href='https:\/\/majaskowronek.pl\/wp-content\/uploads\/2026\/01\/DSC6400-2-scaled.jpg'><img decoding=\"async\" width=\"768\" height=\"512\" src=\"https:\/\/majaskowronek.pl\/wp-content\/uploads\/2026\/01\/DSC6400-2-768x512.jpg\" class=\"attachment-medium_large size-medium_large\" alt=\"\" srcset=\"https:\/\/majaskowronek.pl\/wp-content\/uploads\/2026\/01\/DSC6400-2-768x512.jpg 768w, https:\/\/majaskowronek.pl\/wp-content\/uploads\/2026\/01\/DSC6400-2-300x200.jpg 300w, https:\/\/majaskowronek.pl\/wp-content\/uploads\/2026\/01\/DSC6400-2-1024x683.jpg 1024w, https:\/\/majaskowronek.pl\/wp-content\/uploads\/2026\/01\/DSC6400-2-1536x1024.jpg 1536w, https:\/\/majaskowronek.pl\/wp-content\/uploads\/2026\/01\/DSC6400-2-2048x1365.jpg 2048w\" sizes=\"(max-width: 768px) 100vw, 768px\" \/><\/a>\n\t\t\t<\/div><\/figure><figure class='gallery-item'>\n\t\t\t<div class='gallery-icon landscape'>\n\t\t\t\t<a data-elementor-open-lightbox=\"yes\" data-elementor-lightbox-slideshow=\"85a212b\" data-elementor-lightbox-title=\"_DSC6033\" data-e-action-hash=\"#elementor-action%3Aaction%3Dlightbox%26settings%3DeyJpZCI6MjksInVybCI6Imh0dHBzOlwvXC9tYWphc2tvd3JvbmVrLnBsXC93cC1jb250ZW50XC91cGxvYWRzXC8yMDI2XC8wMVwvRFNDNjAzMy1zY2FsZWQuanBnIiwic2xpZGVzaG93IjoiODVhMjEyYiJ9\" href='https:\/\/majaskowronek.pl\/wp-content\/uploads\/2026\/01\/DSC6033-scaled.jpg'><img decoding=\"async\" width=\"768\" height=\"512\" src=\"https:\/\/majaskowronek.pl\/wp-content\/uploads\/2026\/01\/DSC6033-768x512.jpg\" class=\"attachment-medium_large size-medium_large\" alt=\"\" srcset=\"https:\/\/majaskowronek.pl\/wp-content\/uploads\/2026\/01\/DSC6033-768x512.jpg 768w, https:\/\/majaskowronek.pl\/wp-content\/uploads\/2026\/01\/DSC6033-300x200.jpg 300w, https:\/\/majaskowronek.pl\/wp-content\/uploads\/2026\/01\/DSC6033-1024x683.jpg 1024w, https:\/\/majaskowronek.pl\/wp-content\/uploads\/2026\/01\/DSC6033-1536x1024.jpg 1536w, https:\/\/majaskowronek.pl\/wp-content\/uploads\/2026\/01\/DSC6033-2048x1365.jpg 2048w\" sizes=\"(max-width: 768px) 100vw, 768px\" \/><\/a>\n\t\t\t<\/div><\/figure><figure class='gallery-item'>\n\t\t\t<div class='gallery-icon landscape'>\n\t\t\t\t<a data-elementor-open-lightbox=\"yes\" data-elementor-lightbox-slideshow=\"85a212b\" data-elementor-lightbox-title=\"_DSC6037\" data-e-action-hash=\"#elementor-action%3Aaction%3Dlightbox%26settings%3DeyJpZCI6MjgsInVybCI6Imh0dHBzOlwvXC9tYWphc2tvd3JvbmVrLnBsXC93cC1jb250ZW50XC91cGxvYWRzXC8yMDI2XC8wMVwvRFNDNjAzNy1zY2FsZWQuanBnIiwic2xpZGVzaG93IjoiODVhMjEyYiJ9\" href='https:\/\/majaskowronek.pl\/wp-content\/uploads\/2026\/01\/DSC6037-scaled.jpg'><img loading=\"lazy\" decoding=\"async\" width=\"768\" height=\"512\" src=\"https:\/\/majaskowronek.pl\/wp-content\/uploads\/2026\/01\/DSC6037-768x512.jpg\" class=\"attachment-medium_large size-medium_large\" alt=\"\" srcset=\"https:\/\/majaskowronek.pl\/wp-content\/uploads\/2026\/01\/DSC6037-768x512.jpg 768w, https:\/\/majaskowronek.pl\/wp-content\/uploads\/2026\/01\/DSC6037-300x200.jpg 300w, https:\/\/majaskowronek.pl\/wp-content\/uploads\/2026\/01\/DSC6037-1024x683.jpg 1024w, https:\/\/majaskowronek.pl\/wp-content\/uploads\/2026\/01\/DSC6037-1536x1024.jpg 1536w, https:\/\/majaskowronek.pl\/wp-content\/uploads\/2026\/01\/DSC6037-2048x1365.jpg 2048w\" sizes=\"(max-width: 768px) 100vw, 768px\" \/><\/a>\n\t\t\t<\/div><\/figure><figure class='gallery-item'>\n\t\t\t<div class='gallery-icon landscape'>\n\t\t\t\t<a data-elementor-open-lightbox=\"yes\" data-elementor-lightbox-slideshow=\"85a212b\" data-elementor-lightbox-title=\"_DSC6909-2\" data-e-action-hash=\"#elementor-action%3Aaction%3Dlightbox%26settings%3DeyJpZCI6MTcsInVybCI6Imh0dHBzOlwvXC9tYWphc2tvd3JvbmVrLnBsXC93cC1jb250ZW50XC91cGxvYWRzXC8yMDI2XC8wMVwvRFNDNjkwOS0yLXNjYWxlZC5qcGciLCJzbGlkZXNob3ciOiI4NWEyMTJiIn0%3D\" href='https:\/\/majaskowronek.pl\/wp-content\/uploads\/2026\/01\/DSC6909-2-scaled.jpg'><img loading=\"lazy\" decoding=\"async\" width=\"768\" height=\"512\" src=\"https:\/\/majaskowronek.pl\/wp-content\/uploads\/2026\/01\/DSC6909-2-768x512.jpg\" class=\"attachment-medium_large size-medium_large\" alt=\"\" srcset=\"https:\/\/majaskowronek.pl\/wp-content\/uploads\/2026\/01\/DSC6909-2-768x512.jpg 768w, https:\/\/majaskowronek.pl\/wp-content\/uploads\/2026\/01\/DSC6909-2-300x200.jpg 300w, https:\/\/majaskowronek.pl\/wp-content\/uploads\/2026\/01\/DSC6909-2-1024x683.jpg 1024w, https:\/\/majaskowronek.pl\/wp-content\/uploads\/2026\/01\/DSC6909-2-1536x1024.jpg 1536w, https:\/\/majaskowronek.pl\/wp-content\/uploads\/2026\/01\/DSC6909-2-2048x1365.jpg 2048w\" sizes=\"(max-width: 768px) 100vw, 768px\" \/><\/a>\n\t\t\t<\/div><\/figure><figure class='gallery-item'>\n\t\t\t<div class='gallery-icon landscape'>\n\t\t\t\t<a data-elementor-open-lightbox=\"yes\" data-elementor-lightbox-slideshow=\"85a212b\" data-elementor-lightbox-title=\"_DSC6828\" data-e-action-hash=\"#elementor-action%3Aaction%3Dlightbox%26settings%3DeyJpZCI6MTU5LCJ1cmwiOiJodHRwczpcL1wvbWFqYXNrb3dyb25lay5wbFwvd3AtY29udGVudFwvdXBsb2Fkc1wvMjAyNlwvMDFcL0RTQzY4Mjgtc2NhbGVkLmpwZyIsInNsaWRlc2hvdyI6Ijg1YTIxMmIifQ%3D%3D\" href='https:\/\/majaskowronek.pl\/wp-content\/uploads\/2026\/01\/DSC6828-scaled.jpg'><img loading=\"lazy\" decoding=\"async\" width=\"768\" height=\"512\" src=\"https:\/\/majaskowronek.pl\/wp-content\/uploads\/2026\/01\/DSC6828-768x512.jpg\" class=\"attachment-medium_large size-medium_large\" alt=\"\" srcset=\"https:\/\/majaskowronek.pl\/wp-content\/uploads\/2026\/01\/DSC6828-768x512.jpg 768w, https:\/\/majaskowronek.pl\/wp-content\/uploads\/2026\/01\/DSC6828-300x200.jpg 300w, https:\/\/majaskowronek.pl\/wp-content\/uploads\/2026\/01\/DSC6828-1024x683.jpg 1024w, https:\/\/majaskowronek.pl\/wp-content\/uploads\/2026\/01\/DSC6828-1536x1024.jpg 1536w, https:\/\/majaskowronek.pl\/wp-content\/uploads\/2026\/01\/DSC6828-2048x1365.jpg 2048w\" sizes=\"(max-width: 768px) 100vw, 768px\" \/><\/a>\n\t\t\t<\/div><\/figure>\n\t\t<\/div>\n\t\t<\/div>\n\t\t\t\t\t\t<\/div>\n\t\t\t\t\t<\/div>\n\t\t\t\t<\/div>\n\t\t<div class=\"elementor-element elementor-element-2dcfe93 e-flex e-con-boxed e-con e-parent\" data-id=\"2dcfe93\" data-element_type=\"container\">\n\t\t\t\t\t<div class=\"e-con-inner\">\n\t\t<div class=\"elementor-element elementor-element-a818b67 e-con-full e-flex e-con e-child\" data-id=\"a818b67\" data-element_type=\"container\">\n\t\t\t\t<div class=\"elementor-element elementor-element-e005917 elementor-widget elementor-widget-image\" data-id=\"e005917\" data-element_type=\"widget\" data-widget_type=\"image.default\">\n\t\t\t\t\t\t\t\t\t\t\t\t\t\t\t<img loading=\"lazy\" decoding=\"async\" width=\"683\" height=\"1024\" src=\"https:\/\/majaskowronek.pl\/wp-content\/uploads\/2026\/01\/IMG_4128-683x1024.jpg\" class=\"attachment-large size-large wp-image-86\" alt=\"\" srcset=\"https:\/\/majaskowronek.pl\/wp-content\/uploads\/2026\/01\/IMG_4128-683x1024.jpg 683w, https:\/\/majaskowronek.pl\/wp-content\/uploads\/2026\/01\/IMG_4128-200x300.jpg 200w, https:\/\/majaskowronek.pl\/wp-content\/uploads\/2026\/01\/IMG_4128-768x1152.jpg 768w, https:\/\/majaskowronek.pl\/wp-content\/uploads\/2026\/01\/IMG_4128-1024x1536.jpg 1024w, https:\/\/majaskowronek.pl\/wp-content\/uploads\/2026\/01\/IMG_4128.jpg 1080w\" sizes=\"(max-width: 683px) 100vw, 683px\" \/>\t\t\t\t\t\t\t\t\t\t\t\t\t\t\t<\/div>\n\t\t\t\t<\/div>\n\t\t<div class=\"elementor-element elementor-element-1506ae1 e-con-full e-flex e-con e-child\" data-id=\"1506ae1\" data-element_type=\"container\">\n\t\t\t\t<div class=\"elementor-element elementor-element-f7cf0fd elementor-widget elementor-widget-heading\" data-id=\"f7cf0fd\" data-element_type=\"widget\" data-widget_type=\"heading.default\">\n\t\t\t\t\t<h3 class=\"elementor-heading-title elementor-size-default\">O mnie<\/h3>\t\t\t\t<\/div>\n\t\t\t\t<div class=\"elementor-element elementor-element-4705665 elementor-widget elementor-widget-text-editor\" data-id=\"4705665\" data-element_type=\"widget\" data-widget_type=\"text-editor.default\">\n\t\t\t\t\t\t\t\t\t<p data-start=\"144\" data-end=\"424\">Od lat robi\u0119 zdj\u0119cia, a psy s\u0105 cz\u0119\u015bci\u0105 mojego \u017cycia w\u0142a\u015bciwie odk\u0105d pami\u0119tam. Nic wi\u0119c dziwnego, \u017ce w pewnym momencie te dwie rzeczy po prostu si\u0119 po\u0142\u0105czy\u0142y i tak zacz\u0119\u0142a si\u0119 moja przygoda z <strong data-start=\"362\" data-end=\"385\">fotografi\u0105 zwierz\u0105t<\/strong>, a przede wszystkim z fotografi\u0105 ps\u00f3w.<\/p><p data-start=\"426\" data-end=\"688\">Nie traktuj\u0119 sesji jak \u201eustawiania psa do zdj\u0119cia\u201d. Wol\u0119 obserwowa\u0107, da\u0107 mu chwil\u0119, pozwoli\u0107 by\u0107 sob\u0105. Ka\u017cdy pies ma sw\u00f3j charakter \u2014 jedne s\u0105 spokojne, inne wsz\u0119dzie ich pe\u0142no \u2014 i w\u0142a\u015bnie to staram si\u0119 uchwyci\u0107 na zdj\u0119ciach. Naturalnie, bez presji i bez stresu.<\/p><p data-start=\"690\" data-end=\"970\">Na co dzie\u0144 towarzyszy mi <strong data-start=\"716\" data-end=\"724\">Theo<\/strong>, rhodesian ridgeback, kt\u00f3ry nauczy\u0142 mnie cierpliwo\u015bci, uwa\u017cno\u015bci i tego, \u017ce najlepsze kadry cz\u0119sto powstaj\u0105 wtedy, kiedy nic nie jest na si\u0142\u0119. Dzi\u0119ki \u017cyciu z psem wiem, kiedy zrobi\u0107 krok w ty\u0142, a kiedy nacisn\u0105\u0107 spust migawki w idealnym momencie.<\/p>\t\t\t\t\t\t\t\t<\/div>\n\t\t\t\t<\/div>\n\t\t\t\t\t<\/div>\n\t\t\t\t<\/div>\n\t\t<div class=\"elementor-element elementor-element-2dfb0ff e-flex e-con-boxed e-con e-parent\" data-id=\"2dfb0ff\" data-element_type=\"container\">\n\t\t\t\t\t<div class=\"e-con-inner\">\n\t\t\t\t<div class=\"elementor-element elementor-element-852c9f9 elementor-widget elementor-widget-heading\" data-id=\"852c9f9\" data-element_type=\"widget\" data-widget_type=\"heading.default\">\n\t\t\t\t\t<h3 class=\"elementor-heading-title elementor-size-default\">Oferta<\/h3>\t\t\t\t<\/div>\n\t\t\t\t\t<\/div>\n\t\t\t\t<\/div>\n\t\t<div class=\"elementor-element elementor-element-0147c5e e-flex e-con-boxed e-con e-parent\" data-id=\"0147c5e\" data-element_type=\"container\">\n\t\t\t\t\t<div class=\"e-con-inner\">\n\t\t<div class=\"elementor-element elementor-element-d054d57 e-con-full e-flex e-con e-child\" data-id=\"d054d57\" data-element_type=\"container\">\n\t\t\t\t<div class=\"elementor-element elementor-element-e597dbe elementor-widget elementor-widget-heading\" data-id=\"e597dbe\" data-element_type=\"widget\" data-widget_type=\"heading.default\">\n\t\t\t\t\t<h4 class=\"elementor-heading-title elementor-size-default\">Basic<\/h4>\t\t\t\t<\/div>\n\t\t\t\t<div class=\"elementor-element elementor-element-ae928ad elementor-widget elementor-widget-text-editor\" data-id=\"ae928ad\" data-element_type=\"widget\" data-widget_type=\"text-editor.default\">\n\t\t\t\t\t\t\t\t\t<p>Dodatkowe uj\u0119cie: <strong>100z\u0142<\/strong><\/p><p>Wirtualna galeria<\/p><p>Wybierasz <strong>5 kadr\u00f3w<\/strong><\/p>\t\t\t\t\t\t\t\t<\/div>\n\t\t\t\t<div class=\"elementor-element elementor-element-c1f57fc elementor-widget elementor-widget-text-editor\" data-id=\"c1f57fc\" data-element_type=\"widget\" data-widget_type=\"text-editor.default\">\n\t\t\t\t\t\t\t\t\t<p>380z\u0142<\/p>\t\t\t\t\t\t\t\t<\/div>\n\t\t\t\t<\/div>\n\t\t<div class=\"elementor-element elementor-element-5f521ba e-con-full e-flex e-con e-child\" data-id=\"5f521ba\" data-element_type=\"container\">\n\t\t\t\t<div class=\"elementor-element elementor-element-69b70e2 elementor-widget elementor-widget-heading\" data-id=\"69b70e2\" data-element_type=\"widget\" data-widget_type=\"heading.default\">\n\t\t\t\t\t<h4 class=\"elementor-heading-title elementor-size-default\">Standard<\/h4>\t\t\t\t<\/div>\n\t\t\t\t<div class=\"elementor-element elementor-element-27b1861 elementor-widget elementor-widget-text-editor\" data-id=\"27b1861\" data-element_type=\"widget\" data-widget_type=\"text-editor.default\">\n\t\t\t\t\t\t\t\t\t<p>Dodatkowe uj\u0119cie: <strong>70z\u0142<\/strong><\/p><p>Wirtualna galeria<\/p><p>Wybierasz <strong>10 kadr\u00f3w<\/strong><\/p>\t\t\t\t\t\t\t\t<\/div>\n\t\t\t\t<div class=\"elementor-element elementor-element-0a12541 elementor-widget elementor-widget-text-editor\" data-id=\"0a12541\" data-element_type=\"widget\" data-widget_type=\"text-editor.default\">\n\t\t\t\t\t\t\t\t\t<p>620z\u0142<\/p>\t\t\t\t\t\t\t\t<\/div>\n\t\t\t\t<\/div>\n\t\t<div class=\"elementor-element elementor-element-4b1d624 e-con-full e-flex e-con e-child\" data-id=\"4b1d624\" data-element_type=\"container\">\n\t\t\t\t<div class=\"elementor-element elementor-element-9453830 elementor-widget elementor-widget-heading\" data-id=\"9453830\" data-element_type=\"widget\" data-widget_type=\"heading.default\">\n\t\t\t\t\t<h4 class=\"elementor-heading-title elementor-size-default\">Premium<\/h4>\t\t\t\t<\/div>\n\t\t\t\t<div class=\"elementor-element elementor-element-4e00273 elementor-widget elementor-widget-text-editor\" data-id=\"4e00273\" data-element_type=\"widget\" data-widget_type=\"text-editor.default\">\n\t\t\t\t\t\t\t\t\t<p>Dodatkowe uj\u0119cie: <strong>50z\u0142<\/strong><\/p><p>Wirtualna galeria<\/p><p>Wybierasz <strong>15 kadr\u00f3w<\/strong><\/p>\t\t\t\t\t\t\t\t<\/div>\n\t\t\t\t<div class=\"elementor-element elementor-element-4a615df elementor-widget elementor-widget-text-editor\" data-id=\"4a615df\" data-element_type=\"widget\" data-widget_type=\"text-editor.default\">\n\t\t\t\t\t\t\t\t\t<p>800z\u0142<\/p>\t\t\t\t\t\t\t\t<\/div>\n\t\t\t\t<\/div>\n\t\t\t\t\t<\/div>\n\t\t\t\t<\/div>\n\t\t<div class=\"elementor-element elementor-element-8799e74 e-flex e-con-boxed e-con e-parent\" data-id=\"8799e74\" data-element_type=\"container\">\n\t\t\t\t\t<div class=\"e-con-inner\">\n\t\t\t\t<div class=\"elementor-element elementor-element-6a01777 elementor-widget elementor-widget-heading\" data-id=\"6a01777\" data-element_type=\"widget\" data-widget_type=\"heading.default\">\n\t\t\t\t\t<h3 class=\"elementor-heading-title elementor-size-default\">kontakt<\/h3>\t\t\t\t<\/div>\n\t\t\t\t<div class=\"elementor-element elementor-element-bbf3db1 elementor-widget elementor-widget-wpforms\" data-id=\"bbf3db1\" data-element_type=\"widget\" data-widget_type=\"wpforms.default\">\n\t\t\t\t<div class=\"elementor-widget-container\">\n\t\t\t\t\t<div class=\"wpforms-container wpforms-container-full wpforms-render-modern\" id=\"wpforms-204\"><form id=\"wpforms-form-204\" class=\"wpforms-validate wpforms-form wpforms-ajax-form\" data-formid=\"204\" method=\"post\" enctype=\"multipart\/form-data\" action=\"\/index.php?rest_route=%2Fwp%2Fv2%2Fpages%2F9\" data-token=\"6eb431fb71cf126c6ff70d9c21eeea4b\" data-token-time=\"1776509425\"><noscript class=\"wpforms-error-noscript\">Please enable JavaScript in your browser to complete this form.<\/noscript><div id=\"wpforms-error-noscript\" style=\"display: none;\">Please enable JavaScript in your browser to complete this form.<\/div><div class=\"wpforms-field-container\"><div id=\"wpforms-204-field_1-container\" class=\"wpforms-field wpforms-field-name\" data-field-id=\"1\"><label class=\"wpforms-field-label wpforms-label-hide\" for=\"wpforms-204-field_1\" aria-hidden=\"false\">Imi\u0119 i nazwisko <span class=\"wpforms-required-label\" aria-hidden=\"true\">*<\/span><\/label><input type=\"text\" id=\"wpforms-204-field_1\" class=\"wpforms-field-medium wpforms-field-required\" name=\"wpforms[fields][1]\" placeholder=\"Imi\u0119 i nazwisko\" aria-errormessage=\"wpforms-204-field_1-error\" required><\/div>\t\t<div id=\"wpforms-204-field_4-container\"\n\t\t\tclass=\"wpforms-field wpforms-field-text\"\n\t\t\tdata-field-type=\"text\"\n\t\t\tdata-field-id=\"4\"\n\t\t\t>\n\t\t\t<label class=\"wpforms-field-label\" for=\"wpforms-204-field_4\" >i Imi\u0119 nazwisko<\/label>\n\t\t\t<input type=\"text\" id=\"wpforms-204-field_4\" class=\"wpforms-field-medium\" name=\"wpforms[fields][4]\" >\n\t\t<\/div>\n\t\t<div id=\"wpforms-204-field_2-container\" class=\"wpforms-field wpforms-field-email\" data-field-id=\"2\"><label class=\"wpforms-field-label wpforms-label-hide\" for=\"wpforms-204-field_2\" aria-hidden=\"false\">Adres e-mail <span class=\"wpforms-required-label\" aria-hidden=\"true\">*<\/span><\/label><input type=\"email\" id=\"wpforms-204-field_2\" class=\"wpforms-field-medium wpforms-field-required\" name=\"wpforms[fields][2]\" placeholder=\"Adres e-mail\" spellcheck=\"false\" aria-errormessage=\"wpforms-204-field_2-error\" required><\/div><div id=\"wpforms-204-field_3-container\" class=\"wpforms-field wpforms-field-textarea\" data-field-id=\"3\"><label class=\"wpforms-field-label wpforms-label-hide\" for=\"wpforms-204-field_3\" aria-hidden=\"false\">Wiadomo\u015b\u0107 <span class=\"wpforms-required-label\" aria-hidden=\"true\">*<\/span><\/label><textarea id=\"wpforms-204-field_3\" class=\"wpforms-field-medium wpforms-field-required\" name=\"wpforms[fields][3]\" placeholder=\"Wiadomo\u015b\u0107 \" aria-errormessage=\"wpforms-204-field_3-error\" required><\/textarea><\/div><script>\n\t\t\t\t( function() {\n\t\t\t\t\tconst style = document.createElement( 'style' );\n\t\t\t\t\tstyle.appendChild( document.createTextNode( '#wpforms-204-field_4-container { position: absolute !important; overflow: hidden !important; display: inline !important; height: 1px !important; width: 1px !important; z-index: -1000 !important; padding: 0 !important; } #wpforms-204-field_4-container input { visibility: hidden; } #wpforms-conversational-form-page #wpforms-204-field_4-container label { counter-increment: none; }' ) );\n\t\t\t\t\tdocument.head.appendChild( style );\n\t\t\t\t\tdocument.currentScript?.remove();\n\t\t\t\t} )();\n\t\t\t<\/script><\/div><!-- .wpforms-field-container --><div class=\"wpforms-submit-container\" ><input type=\"hidden\" name=\"wpforms[id]\" value=\"204\"><input type=\"hidden\" name=\"page_title\" value=\"\"><input type=\"hidden\" name=\"page_url\" value=\"https:\/\/majaskowronek.pl\/index.php?rest_route=\/wp\/v2\/pages\/9\"><input type=\"hidden\" name=\"url_referer\" value=\"\"><button type=\"submit\" name=\"wpforms[submit]\" id=\"wpforms-submit-204\" class=\"wpforms-submit\" data-alt-text=\"Wysy\u0142anie...\" data-submit-text=\"Prze\u015blij\" aria-live=\"assertive\" value=\"wpforms-submit\">Prze\u015blij<\/button><img loading=\"lazy\" decoding=\"async\" src=\"https:\/\/majaskowronek.pl\/wp-content\/plugins\/wpforms-lite\/assets\/images\/submit-spin.svg\" class=\"wpforms-submit-spinner\" style=\"display: none;\" width=\"26\" height=\"26\" alt=\"Loading\"><\/div><\/form><\/div>  <!-- .wpforms-container -->\t\t\t\t<\/div>\n\t\t\t\t<\/div>\n\t\t\t\t\t<\/div>\n\t\t\t\t<\/div>\n\t\t\t\t<\/div>\n\t\t","protected":false},"excerpt":{"rendered":"<p>Maja Skowronek Fotograf zwierz\u0105t Portfolio O mnie Od lat robi\u0119 zdj\u0119cia, a psy s\u0105 cz\u0119\u015bci\u0105 mojego \u017cycia w\u0142a\u015bciwie odk\u0105d pami\u0119tam. Nic wi\u0119c dziwnego, \u017ce w pewnym momencie te dwie rzeczy po prostu si\u0119 po\u0142\u0105czy\u0142y i tak zacz\u0119\u0142a si\u0119 moja przygoda z fotografi\u0105 zwierz\u0105t, a przede wszystkim z fotografi\u0105 ps\u00f3w. Nie traktuj\u0119 sesji jak \u201eustawiania psa [&hellip;]<\/p>\n","protected":false},"author":1,"featured_media":0,"parent":0,"menu_order":0,"comment_status":"closed","ping_status":"closed","template":"elementor_canvas","meta":{"footnotes":""},"class_list":["post-9","page","type-page","status-publish","hentry"],"_links":{"self":[{"href":"https:\/\/majaskowronek.pl\/index.php?rest_route=\/wp\/v2\/pages\/9","targetHints":{"allow":["GET"]}}],"collection":[{"href":"https:\/\/majaskowronek.pl\/index.php?rest_route=\/wp\/v2\/pages"}],"about":[{"href":"https:\/\/majaskowronek.pl\/index.php?rest_route=\/wp\/v2\/types\/page"}],"author":[{"embeddable":true,"href":"https:\/\/majaskowronek.pl\/index.php?rest_route=\/wp\/v2\/users\/1"}],"replies":[{"embeddable":true,"href":"https:\/\/majaskowronek.pl\/index.php?rest_route=%2Fwp%2Fv2%2Fcomments&post=9"}],"version-history":[{"count":202,"href":"https:\/\/majaskowronek.pl\/index.php?rest_route=\/wp\/v2\/pages\/9\/revisions"}],"predecessor-version":[{"id":249,"href":"https:\/\/majaskowronek.pl\/index.php?rest_route=\/wp\/v2\/pages\/9\/revisions\/249"}],"wp:attachment":[{"href":"https:\/\/majaskowronek.pl\/index.php?rest_route=%2Fwp%2Fv2%2Fmedia&parent=9"}],"curies":[{"name":"wp","href":"https:\/\/api.w.org\/{rel}","templated":true}]}}